6338686315?
3
What is the tens digit of 718466551?
5
What is the tens digit of 5182225953?
5
What is the thousands digit of 399292292?
2
What is the ten millions digit of 1555146720?
5
What is the tens digit of 95987618?
1
What is the ten thousands digit of 27028589?
2
What is the hundred thousands digit of 1447504190?
5
What is the units digit of 13698463?
3
What is the hundreds digit of 844933598?
5
What is the ten thousands digit of 25381407?
8
What is the units digit of 584701543?
3
What is the thousands digit of 378219761?
9
What is the hundred thousands digit of 176739732?
7
What is the billions digit of 9632086507?
9
What is the thousands digit of 26146716?
6
What is the thousands digit of 7313128134?
8
What is the ten thousands digit of 39918377?
1
What is the millions digit of 2146757673?
6
What is the thousands digit of 1113800733?
0
What is the millions digit of 76544032?
6
What is the tens digit of 1047279057?
5
What is the ten thousands digit of 918202431?
0
What is the hundred thousands digit of 56850315?
8
What is the thousands digit of 4876176681?
6
What is the units digit of 122228656?
6
What is the ten millions digit of 331801497?
3
What is the units digit of 670458703?
3
What is the thousands digit of 51730028?
0
What is the units digit of 24765738?
8
What is the ten thousands digit of 1287201916?
0
What is the tens digit of 1078096037?
3
What is the hundred thousands digit of 15847765?
8
What is the tens digit of 62126857?
5
What is the hundreds digit of 661956441?
4
What is the hundred thousands digit of 59866900?
8
What is the millions digit of 288451091?
8
What is the ten thousands digit of 8403315?
0
What is the hundred thousands digit of 13344516?
3
What is the ten millions digit of 91081525?
9
What is the hundreds digit of 86107746?
7
What is the ten millions digit of 3838015860?
3
What is the tens digit of 91117786?
8
What is the thousands digit of 445219461?
9
What is the ten thousands digit of 1451012299?
1
What is the ten thousands digit of 356033145?
3
What is the ten thousands digit of 1034628217?
2
What is the ten millions digit of 31443488?
3
What is the hundreds digit of 33160605?
6
What is the ten thousands digit of 6325020394?
2
What is the ten millions digit of 1688948859?
8
What is the hundreds digit of 59969261?
2
What is the hundreds digit of 4832037591?
5
What is the hundred thousands digit of 2516366364?
3
What is the units digit of 2271148815?
5
What is the tens digit of 37041844?
4
What is the hundred millions digit of 162853977?
1
What is the thousands digit of 41610421?
0
What is the ten millions digit of 525011017?
2
What is the hundred millions digit of 512690077?
5
What is the hundreds digit of 44479530?
5
What is the units digit of 98396917?
7
What is the hundreds digit of 280521700?
7
What is the millions digit of 4407790824?
7
What is the units digit of 2428972020?
0
What is the hundred thousands digit of 218671323?
6
What is the hundreds digit of 608714001?
0
What is the hundred thousands digit of 70073201?
0
What is the thousands digit of 286449024?
9
What is the millions digit of 31059207?
1
What is the ten thousands digit of 60645936?
4
What is the tens digit of 87776193?
9
What is the hundreds digit of 273527346?
3
What is the hundred thousands digit of 174052469?
0
What is the tens digit of 107678186?
8
What is the units digit of 68530053?
3
What is the hundred thousands digit of 5874879?
8
What is the hundreds digit of 604295823?
8
What is the millions digit of 1310119360?
0
What is the ten thousands digit of 2450838446?
3
What is the units digit of 87672395?
5
What is the ten thousands digit of 588281275?
8
What is the units digit of 552579724?
4
What is the hundreds digit of 53276054?
0
What is the hundred thousands digit of 402689172?
6
What is the hundred millions digit of 165121806?
1
What is the thousands digit of 1426842569?
2
What is the hundred thousands digit of 197616563?
6
What is the tens digit of 792886294?
9
What is the tens digit of 51308000?
0
What is the units digit of 5325961040?
0
What is the hundreds digit of 121416334?
3
What is the ten millions digit of 2335393028?
3
What is the tens digit of 322762871?
7
What is the hundred millions digit of 1279509848?
2
What is the hundred millions digit of 4054596469?
0
What is the thousands digit of 320545735?
5
What is the hundred thousands digit of 242433196?
4
What is the billions digit of 3776266512?
3
What is the ten thousands digit of 4667927348?
2
What is the thousands digit of 85292351?
2
What is the ten thousands digit of 834780529?
8
What is the hundred millions digit of 173760323?
1
What is the millions digit of 7202371474?
2
What is the millions digit of 54685084?
4
What is the units digit of 1404121564?
4
What is the hundred thousands digit of 733073073?
0
What is the hundred millions digit of 185800842?
1
What is the millions digit of 148566943?
8
What is the ten millions digit of 521552074?
2
What is the tens digit of 1243945887?
8
What is the hundred millions digit of 624889473?
6
What is the millions digit of 9235675?
9
What is the hundred thousands digit of 28572280?
5
What is the ten thousands digit of 7603395681?
9
What is the hundreds digit of 37290039?
0
What is the hundred thousands digit of 102833851?
8
What is the units digit of 126308270?
0
What is the hundred thousands digit of 81138019?
1
What is the millions digit of 282784161?
2
What is the hundred thousands digit of 27915852?
9
What is the millions digit of 8500613?
8
What is the hundreds digit of 1058096668?
6
What is the units digit of 601792418?
8
What is the thousands digit of 416453780?
3
What is the millions digit of 656752629?
6
What is the thousands digit of 66126883?
6
What is the ten thousands digit of 265211596?
1
What is the hundred millions digit of 545890322?
5
What is the tens digit of 646401165?
6
What is the millions digit of 960278850?
0
What is the ten thousands digit of 580976553?
7
What is the tens digit of 4516311771?
7
What is the hundreds digit of 26725470?
4
What is the tens digit of 15632452?
5
What is the ten millions digit of 31730638?
3
What is the hundred millions digit of 1571769602?
5
What is the hundred millions digit of 568398482?
5
What is the ten millions digit of 6757567475?
5
What is the ten thousands digit of 1103247235?
4
What is the thousands digit of 1083719005?
9
What is the ten millions digit of 31872649?
3
What is the ten thousands digit of 3702029310?
2
What is the ten millions digit of 686671927?
8
What is the hundred thousands digit of 93076704?
0
What is the tens digit of 39289528?
2
What is the hundreds digit of 1038451259?
2
What is the ten thousands digit of 71874281?
7
What is the ten thousands digit of 314181065?
8
What is the ten thousands digit of 24475166?
7
What is the millions digit of 70716100?
0
What is the millions digit of 66066620?
6
What is the hundred thousands digit of 2824148605?
1
What is the thousands digit of 1971726534?
6
What is the hundred thousands digit of 188258828?
2
What is the ten millions digit of 3237876594?
3
What is the ten millions digit of 56132750?
5
What is the hundreds digit of 149107449?
4
What is the millions digit of 2749244353?
9
What is the thousands digit of 109188011?
8
What is the tens digit of 8536498?
9
What is the ten thousands digit of 941467970?
6
What is the hundreds digit of 209357968?
9
What is the units digit of 40301092?
2
What is the units digit of 5575293402?
2
What is the hundreds digit of 155591012?
0
What is the hundred thousands digit of 631078662?
0
What is the millions digit of 999767234?
9
What is the hundreds digit of 104827588?
5
What is the ten millions digit of 50679796?
5
What is the millions digit of 36659939?
6
What is the hundred thousands digit of 128102584?
1
What is the ten millions digit of 25649820?
2
What is the billions digit of 1600970995?
1
What is the hundred thousands digit of 212440565?
4
What is the hundreds digit of 217796907?
9
What is the millions digit of 3130555845?
0
What is the millions digit of 759693690?
9
What is the hundred thousands digit of 132451423?
4
What is the thousands digit of 142980179?
0
What is the units digit of 2086904980?
0
What is the ten thousands digit of 14641816?
4
What is 